 3. Let n be h(4). Suppose -3*x = -n*x + 52. What are the prime factors of x?
2, 13
Suppose 4*f - 2*z - 3*z - 30 = 0, z + 17 = 3*f. Suppose -f*p - 114 = -s, 4 + 0 = -4*s. Let d = p + 41. List the prime factors of d.
2, 3
Suppose 2*h = 5*r + 26, r - 4*r = 3*h + 3. Suppose q - 4*f - 12 = -h*q, 2*q + 5*f = -22. Let d = 51 + q. What are the prime factors of d?
2, 5
Suppose 4*l - 51 = 3*a, 3*l - 4*a + 2*a - 37 = 0. List the prime factors of l.
3
Let r = -1 - -35. Suppose -2*j = -r - 90. List the prime factors of j.
2, 31
Let f be (1 - 4/(-8)) + 14/4. Suppose -f*z - 16 + 441 = 0. What are the prime factors of z?
5, 17
Suppose -25*o + 36*o - 22 = 0. Suppose -2*l = 3*d + 2*d - 15, -4*d = -2*l + 6. List the prime factors of d/(1/(o*12)).
2, 3
Suppose 45 = 16*s - 11*s. Let x be -1*27/(-5)*5. Let g = x + s. What are the prime factors of g?
2, 3
Suppose -4 = 5*g - 79. Suppose -3*p + 83 = -2*h, -5*h - 5 = g. List the prime factors of p.
5
List the prime factors of (-41)/(3/28 - (-18)/(-72)).
7, 41
Let z(q) = q**2 + 36*q - 11. What are the prime factors of z(18)?
31
Suppose r - 2*s - 984 = 0, -2*r + 1948 = -4*s + 5*s. List the prime factors of r.
2, 61
Suppose -99 = 5*f - 544. Suppose 90*j - f*j = 220. List the prime factors of j.
2, 5, 11
Suppose -9 = -4*o - 69. What are the prime factors of 81*((-5)/o - 0)?
3
Suppose 4 - 2 = 2*z. What are the prime factors of (-74)/(-1 - -2)*z/(-2)?
37
Let s be 2 + -3*(-6)/9. Suppose 3*d = -k - 3*k + 29, 46 = s*d - 2*k. Suppose 5 = 2*x - d. What are the prime factors of x?
2
Suppose 5*s - 2*s - 9 = 0, -5*s + 119 = -2*o. Let n = 140 + o. List the prime factors of n.
2, 11
Let u be (2 + (-64)/20)/((-1)/(-5)). List the prime factors of (-40)/30 - 314/u.
3, 17
Suppose 5*l - 863 = -3*o, -o - l - 123 = -414. What are the prime factors of o?
2, 37
Let b(j) = 35*j - 535. What are the prime factors of b(51)?
2, 5
Suppose -3*m + 4 + 8 = 0. Suppose 3*x = m*y - x + 232, 2*y + 116 = 5*x. Let g = -39 - y. List the prime factors of g.
19
Suppose -u + 1606 = -5*z - 351, 0 = -2*u - z + 3947. What are the prime factors of u?
2, 17, 29
Let f(w) = 38*w + 310. What are the prime factors of f(12)?
2, 383
Let k = -46 - -118. Suppose 44 = 2*y - k. Let d = y - 20. List the prime factors of d.
2, 19
Let t be (1 - 7)/2*46/(-69). Suppose -t*y - 1352 = -7*y + c, -3*c = -9. List the prime factors of y.
271
Let f(q) = -q**2 + 4*q + 3. Let t be f(4). Suppose 3*h - 1272 = -t*h. List the prime factors of h.
2, 53
Let u = -36 + 28. Let q be (u/4*-24)/1. Suppose 0 = 3*v + q - 141. What are the prime factors of v?
31
Let i = 386 + -210. What are the prime factors of i?
2, 11
Let p = -104 - -104. Suppose 2*t + 55 = 2*j - 63, p = -3*j + 5*t + 187. List the prime factors of j.
2, 3
Let c = -1659 - -2782. What are the prime factors of c?
1123
Let j be (-3)/(-4)*(1 + 3). What are the prime factors of 8*2 + (-1)/(-3)*j?
17
Suppose 18*i - 3715 - 3341 = 0. List the prime factors of i.
2, 7
Suppose -38244 = 2123*b - 2135*b. What are the prime factors of b?
3187
Let z(j) = 23 - 13*j + j**2 - 28 + 13. What are the prime factors of z(13)?
2
Let q(i) = 2*i + 4. Let f be q(-5). Let j be (-40)/f*24/(-20). Let n = j - -24. What are the prime factors of n?
2
Let o = -5 + 14. Let n = -4 + o. Suppose n*f - 110 = 5*a, f + f - 64 = -3*a. What are the prime factors of f?
2, 13
Let j(t) = -t**3 - 7*t**2 - 6*t + 3. Let n = -9 + 3. List the prime factors of j(n).
3
Let f(u) = -1 - 3 + 7*u + 4 - 5 - u**2. Let q be f(5). Suppose q*b + 5*w - 264 = -24, 4*w + 151 = 3*b. List the prime factors of b.
7
Let r be 9793/77 - (-4)/(-22). Let s be (-2)/(-4)*1616/4. Let i = s - r. What are the prime factors of i?
3, 5
Let y = -283 - -568. What are the prime factors of y?
3, 5, 19
Let n(r) = 132*r**2 - 13*r + 13. What are the prime factors of n(3)?
2, 7, 83
Let f be ((-6)/15)/(1/(-10)). Suppose 2*o = 3*o - f. Suppose 0 = o*d - g - 53, 4*g - g + 3 = 0. List the prime factors of d.
13
Let b be 0 - -3 - (-4 - 100). Let c = b + -62. Suppose c = 2*f + 4*l - 53, -l = -5*f + 212. List the prime factors of f.
43
Let r = -280 + 388. List the prime factors of r.
2, 3
Let d(w) = w**3 + 11*w**2 - 10*w + 16. Let y be d(-12). Let c = 24 + -3. Let l = y + c. List the prime factors of l.
13
Let s = 779 - 496. List the prime factors of s.
283
Let t = -2284 - -3320. List the prime factors of t.
2, 7, 37
Suppose -5*t + 21 = -3*f, 6*t - 9 = 3*t. List the prime factors of (2 + f + -25)/(-1).
5
Let o = -31 + 33. Suppose 58 = 3*y - 5*j - 127, 150 = o*y + 2*j. What are the prime factors of y?
2, 5, 7
Suppose 0 = -3*a + 8*a + 25. Let x(l) = l**3 - 7*l**2 + 8*l - 11. Let p be x(6). List the prime factors of 3/(a/8 + p).
2
Let r = -45 - -49. What are the prime factors of r/(-2) + 4/(8/110)?
53
Let z(d) = 321*d + 163. List the prime factors of z(4).
1447
Let d = 22 - 13. Suppose -5*n + d + 46 = 0. Suppose 0 = f - n - 6. List the prime factors of f.
17
Suppose -2*x - 380 = -4*i, 3*i - 4*i = 4*x + 769. List the prime factors of -1 - x/(-2)*-1.
5, 19
Suppose -2*q + 7*q - 20 = 0, -d = -4*q - 733. What are the prime factors of d?
7, 107
Let v be (-1)/(-3) - 17/51. Suppose v = 4*x - 2 - 10. Suppose -2*b + 9 - 2 = x*u, -8 = -2*u + 2*b. What are the prime factors of u?
3
Suppose 36 = 12*u - 228. List the prime factors of u.
2, 11
Suppose 3*t = -6*t + 126. What are the prime factors of (-12)/t*(-11 - 6)*7?
2, 3, 17
List the prime factors of (37 + -40)/(9/(-6018)).
2, 17, 59
Suppose -2*c = 3*c + 45. Let j(o) = o**2 + 9*o + 4. Let s be j(c). Suppose -s*a + 0*a - 3*x + 140 = 0, -a + 5*x = -35. What are the prime factors of a?
5, 7
Let t(n) = -n**2 + 4*n + 1. Let w be (3 + 0)*11/11. Let c be t(w). Suppose r - 33 = -2*s + 4*r, -65 = -c*s + 5*r. List the prime factors of s.
3, 5
Let m(v) = 34*v**3 + v**2 - 11*v + 4. List the prime factors of m(3).
2, 449
Suppose -8 = -u - 3. Suppose 11 + 4 = u*v. Suppose g - 148 = -v*g. What are the prime factors of g?
37
Let a(j) = j - 11. Let k be a(4). Let x(f) = 3 + 0 - 3*f + 0. List the prime factors of x(k).
2, 3
Let x(z) = -19*z + 1. Let i = -3 + 1. Let g be i*2 + 9 + -7. What are the prime factors of x(g)?
3, 13
Let h(j) = -24*j**2 - 2*j + 1. Let g(m) = -24*m**2 - 3*m + 2. Let s = -5 + 2. Let l(w) = s*h(w) + 2*g(w). What are the prime factors of l(-1)?
5
Let l(p) = p**2 - 23*p - 158. List the prime factors of l(-7).
2, 13
Suppose 0 = -2*h + 8, -2*x + 2*h = -h - 1108. List the prime factors of x.
2, 5, 7
Let k(l) = 2*l + 10. Let c be k(-4). Suppose c*w + 154 = 4*w. What are the prime factors of w?
7, 11
Let z = 7 + 11. Let n = z - 6. Suppose -3*b - n = -4*b. What are the prime factors of b?
2, 3
Let x be 4/1*((-15)/(-4) - 2). Let i(t) = 15*t - 13. List the prime factors of i(x).
2, 23
Let u(x) = -10*x - 23. Let s be u(-3). Let d(p) = 4*p**2 - 8*p - 15. List the prime factors of d(s).
5
Let m(c) = -5*c**2 + 3*c - 7. Let v be m(4). Let a be 45/v + (-226)/(-10). Suppose -6*n = -5*n - a. What are the prime factors of n?
2, 11
Let c = 19 + -19. Suppose 2*h - 562 + 160 = c. What are the prime factors of h?
3, 67
Suppose 489 = 17*z - 1058. List the prime factors of z.
7, 13
Let r be 94 + 3 - 1*-2. Let q(o) = -o + 32. Let d be q(-19). Let j = r - d. What are the prime factors of j?
2, 3
Let l be 4/14 + (-36)/(-21). Suppose 1 = l*a - 19. List the prime factors of (-2)/10 + 262/a.
2, 13
Suppose 2*x = a + 6 + 2, 0 = -3*a - 2*x - 64. Let p = a - -37. Suppose 7 + p = v. List the prime factors of v.
2, 13
Let y(f) = f + 11. Let v be y(-6). Suppose 3*d = 2*l + 137, -7*d + 2*d - v*l = -270. List the prime factors of d.
7
Let b(m) = 2*m**2 + 7*m + 17. Suppose 0*k = -5*k - 35. Let u be b(k). Suppose 3*j - u = 21. List the prime factors of j.
29
Suppose -2*s - 2 = -0, 3*y = -5*s + 7. Let r(p) = p**3 - y*p**2 + 4*p**2 + 65 + p**2. What are the prime factors of r(0)?
5, 13
Let z be ((-1)/(-2))/(3/18). Let o(i) = -i**3 - i**2 + 1. Let c be o(0). What are the prime factors of (c - z) + 8 + 3?
3
Suppose 2*j + 3 = 1. What are the prime factors of ((-4)/5)/(j/55)?
2, 11
Suppose -127895 - 31225 = -26*n. What are the prime factors of n?
2, 3, 5, 17
Suppose -3*q + 17 = -91. What are the prime factors of q?
2, 3
Let z = 1 - -7. Let f = -6 - -11. Let t = f + z. What are the prime factors of t?
13
Let h = -73 + 183. What are